{"id":90,"date":"2012-06-20T19:05:17","date_gmt":"2012-06-20T19:05:17","guid":{"rendered":"http:\/\/vereins-hosting.de\/?page_id=90"},"modified":"2016-04-11T10:16:42","modified_gmt":"2016-04-11T10:16:42","slug":"newsletter","status":"publish","type":"page","link":"https:\/\/vereins-hosting.de\/index.php\/newsletter\/","title":{"rendered":"Newsletter"},"content":{"rendered":"<p>Der Newsletter ist vor allem f\u00fcr unsere Vereine gedacht, die sich hier \u00fcber \u00c4nderungen und Neuigkeiten auf ihrem Account informieren lassen m\u00f6chten.<br \/>\nIn den n\u00e4chsten Tagen ist hier auch eine gezielte Auswahl der Themen m\u00f6glich.<\/p>\n<p>Hier anmelden:<\/p>\n<p>[addw2p name=&#8220;tst&#8220;]<\/p>\n<p>&nbsp;<\/p>\n","protected":false},"excerpt":{"rendered":"<p>Der Newsletter ist vor allem f\u00fcr unsere Vereine gedacht, die sich hier \u00fcber \u00c4nderungen und Neuigkeiten auf ihrem Account informieren lassen m\u00f6chten. In den n\u00e4chsten Tagen ist hier auch eine gezielte Auswahl der Themen m\u00f6glich. Hier anmelden: [addw2p name=&#8220;tst&#8220;] &nbsp;<\/p>\n","protected":false},"author":666666,"featured_media":0,"parent":0,"menu_order":0,"comment_status":"closed","ping_status":"closed","template":"","meta":{"footnotes":""},"class_list":["post-90","page","type-page","status-publish","hentry"],"_links":{"self":[{"href":"https:\/\/vereins-hosting.de\/index.php\/wp-json\/wp\/v2\/pages\/90","targetHints":{"allow":["GET"]}}],"collection":[{"href":"https:\/\/vereins-hosting.de\/index.php\/wp-json\/wp\/v2\/pages"}],"about":[{"href":"https:\/\/vereins-hosting.de\/index.php\/wp-json\/wp\/v2\/types\/page"}],"author":[{"embeddable":true,"href":"https:\/\/vereins-hosting.de\/index.php\/wp-json\/wp\/v2\/users\/666666"}],"replies":[{"embeddable":true,"href":"https:\/\/vereins-hosting.de\/index.php\/wp-json\/wp\/v2\/comments?post=90"}],"version-history":[{"count":0,"href":"https:\/\/vereins-hosting.de\/index.php\/wp-json\/wp\/v2\/pages\/90\/revisions"}],"wp:attachment":[{"href":"https:\/\/vereins-hosting.de\/index.php\/wp-json\/wp\/v2\/media?parent=90"}],"curies":[{"name":"wp","href":"https:\/\/api.w.org\/{rel}","templated":true}]}}